 4*r - 0*r, 3*r = 2*n - 24154. Suppose n = -176*o + 192*o. What are the prime factors of o?
5, 151
Let h = 6283 - -1720. List the prime factors of h.
53, 151
Let c = -16 - -19. Let h(t) = 5*t**3 - t**2 + 10*t - 8. List the prime factors of h(c).
2, 37
Suppose 627*m + 17856 = 631*m + 5*x, 3*m - 4*x - 13361 = 0. List the prime factors of m.
7, 13
Suppose -1452 = -2*c + 17624. Suppose -11*h + 4388 = -c. List the prime factors of h.
2, 3, 211
Let w = -33 + 43. Let d be (w/(-20))/(1/(-12))*-10. Let u = 255 + d. What are the prime factors of u?
3, 5, 13
Let h be 49/17 + (-12)/(-102). Let r be (-3 - 70/(-15))*h. Suppose -r*p = 4*p - 261. What are the prime factors of p?
29
Let m(j) = -383*j + 2690. List the prime factors of m(-15).
5, 7, 241
Suppose 0 = -9*g - 2*g + 22. What are the prime factors of (331/2 - 2)*g?
3, 109
Let a be ((-2)/(-3))/((-4)/(-30)). Suppose 5*l - 40 = -4*w, 2*w + l - a*l = -6. Suppose 33 = z - w*d, -2*d + 99 = 3*z - 0. List the prime factors of z.
3, 11
Suppose 5*s - 2*y + 8 = 22, 0 = 4*s + 4*y - 28. Suppose j - 6 = p + s*p, j + 2 = -3*p. Let t = p - -12. What are the prime factors of t?
11
Suppose h = 8*h - 21. Suppose -h*k - 65 = -5*y, -12 = -2*y - k + 5*k. Let r = y + 12. What are the prime factors of r?
2, 7
Suppose 0 = 4*r - 5*z - 585 + 120, -5*r + 2*z + 560 = 0. Suppose r = 15*u - 4*u. List the prime factors of u.
2, 5
Let v(o) = -o**3 + 102*o**2 + 494*o - 170. List the prime factors of v(102).
2, 7, 17, 211
Suppose -713 = -v - 2*d, v - 4*d - 727 = -8. List the prime factors of v + -5 + -2 + 4.
2, 89
Suppose -2*y = -0*y - 5*g - 8, 3*y + 2*g - 12 = 0. Suppose -y*w + b = -2*w, -5*w + 5*b = 0. List the prime factors of (148 + -8 + 5)/(1 + w).
5, 29
Suppose -14*j + 8 = -12*j, -5*k - 2*j + 23 = 0. Suppose 28 = 5*m + 3, k*q - 509 = -4*m. What are the prime factors of q?
163
Let z(s) = 7197*s + 461. List the prime factors of z(2).
5, 2971
Let j(y) = y**3 + 7*y**2 - 24*y + 18. List the prime factors of j(3).
2, 3
Let w = 1226 + -157. Let s = w + -592. What are the prime factors of s?
3, 53
Let f(o) = 3*o - 11. Let x(t) = -7*t + 23. Let q(u) = -7*f(u) - 4*x(u). Let m = 1486 - 1469. List the prime factors of q(m).
2, 13
Let l be 2/(-18) + (-1206800)/(-315). Suppose 34*x - 37*x + l = 0. What are the prime factors of x?
1277
Let x(w) = -17 + 78*w + 70*w + 51 + 60 + 20. What are the prime factors of x(9)?
2, 3, 241
Let j = 627 + -1460. Let h = 1521 + j. Suppose -3*x = -2*m - h, -345 - 575 = -4*x + 2*m. List the prime factors of x.
2, 29
Let i(g) = -4*g**2 - 7*g**3 + 0*g**2 + 16*g**2 - 7 + 8*g**3 + 7*g. List the prime factors of i(-5).
7, 19
Let c be (-6)/5*(165/6)/11. Let i(r) = 9*r + 30. Let h be i(c). Suppose 0 = 5*k - z - 326 + 26, 0 = -h*k + z + 178. List the prime factors of k.
61
List the prime factors of (-23)/(138/(-12684)) + (-20)/5.
2, 5, 211
Let n(c) = c**2 + 9*c + 17. Let u be n(-7). Let q = u + 6. List the prime factors of (176/(-72))/11 + 1379/q.
3, 17
Suppose 6 = -3*o - 3*g, -11*o + 7*o + 2 = -g. Suppose -6*v + 2*v + 1636 = o. List the prime factors of v.
409
Let g = 9045 + -1920. List the prime factors of g.
3, 5, 19
Let r(l) = -l**2 + 190*l + 201. What are the prime factors of r(73)?
2, 3, 31, 47
Suppose -21*m = 5*m + 78. List the prime factors of 2/(-3) + (-3446)/m + 1.
3, 383
Suppose -3*s = -3*m + 51, 4*s + 2*m + 75 = -17. Let p(f) = 2*f**2 - 20*f - 99. What are the prime factors of p(s)?
3, 401
List the prime factors of ((-510)/1020)/(0 + (-1)/12616).
2, 19, 83
Let x = -217 + 216. Let o(d) = 323*d**2 - 5*d - 7. What are the prime factors of o(x)?
3, 107
Let d(g) = 73*g**3 + 28*g**2 - 5*g + 12. List the prime factors of d(3).
2, 3, 5, 37
Suppose 2*c + 3*w - 559 = 0, 4*c - 4*w - 569 = 559. Let v = c + -136. List the prime factors of v.
5, 29
Let u(b) be the third derivative of -b**6/120 - 2*b**5/15 + b**4/2 - 3*b**3 + 156*b**2. List the prime factors of u(-11).
3, 71
Suppose -5*g + 36603 = p, 7314 = g - 6*p + 4*p. List the prime factors of g.
2, 3, 5, 61
Let b = 27 + -22. Suppose 5*r - 4*q = -0 - 46, -b*r + q - 34 = 0. List the prime factors of 1220/120 - (-1)/r.
2, 5
Let m be (-15)/(-25) + 12/30. Suppose 0 = -5*j + k - 29 - m, -5*k + 24 = -4*j. List the prime factors of -9 - j - (-104 + -1).
2, 3, 17
Suppose -9*c = -7*c - x - 247, 0 = -c - x + 131. Suppose -h + 467 - c = 0. What are the prime factors of h?
11, 31
Suppose -6606 = -3*z + 2336 - 2855. List the prime factors of z.
2029
Let i = 38 - 1. Let m = i + -33. Suppose -5*o + 1503 = m*o. List the prime factors of o.
167
Let x = -24420 - -43039. List the prime factors of x.
43, 433
Suppose 5*q = -q + 37334 + 177226. List the prime factors of q.
2, 3, 5, 149
Suppose -5*z + 24 - 9 = 0. Suppose -5*v = -s - 30, -12 = 3*s + z. Suppose -v*i + u + 2*u + 798 = 0, -4*i - 5*u + 668 = 0. List the prime factors of i.
2, 3
Let n = 58 + -53. Suppose -n*r = -64 + 274. What are the prime factors of (-14)/r - 113/(-3)?
2, 19
List the prime factors of (15/(-35) + 168/49)/((-30)/(-81910)).
8191
List the prime factors of (-20)/7*(5947/38 - -4)*-35.
2, 3, 5, 107
Let o be (1 - 1) + 2 + -2 + -36. Let v be (-148)/8*-4 + 2. Let p = o + v. What are the prime factors of p?
2, 5
Suppose 1208*w = 1209*w - 24313. List the prime factors of w.
41, 593
Let x be (-38335)/(-51) + 1*2/6. Suppose -608 = -4*m - 2*g - 10, -g + x = 5*m. List the prime factors of m.
151
Let z = -26 - -26. Suppose -2*x - 6 = z, -2*g - 9*x + 648 = -7*x. What are the prime factors of g?
3, 109
Suppose 59*q - 51992 = 17*q + 259480. What are the prime factors of q?
2, 3, 103
Let c be (371/(-28) + 2)*3760/(-6). Suppose -3*x - c = -13*x. List the prime factors of x.
3, 5, 47
Let h(q) = 6*q + 230. Let b be h(-38). Let f(m) = 2*m + 8. Let z be f(-2). Suppose 504 = z*v - 11*g + 13*g, -b = -g. What are the prime factors of v?
5
Let f(u) = 100*u**2 - 14*u + 431. List the prime factors of f(9).
5, 41
Suppose -d = p + 1, -3*d + 9 - 3 = 0. Let o(a) = -73*a + 9. Let z be o(p). Suppose -z - 12 = -4*u. List the prime factors of u.
2, 3, 5
Let t(f) = 2*f**2 - 6*f. Let o be t(4). What are the prime factors of 93051/168 - (-1)/o?
2, 277
Let v(z) = -137*z + 12440. List the prime factors of v(0).
2, 5, 311
Let x(y) = -1119*y - 1391. List the prime factors of x(-7).
2, 3221
Let h = -26 + 8. Let m be h/(-117) + (-63)/(-13). Suppose 10*l - 470 = m*l. What are the prime factors of l?
2, 47
Let s(h) = -6 + 41*h - 108*h + 38*h + 26*h. Let k be -1 - (-1 - 5/(-1)). What are the prime factors of s(k)?
3
Let u(x) = -x**3 - 10*x**2 + 8*x + 12. Let a(s) = -13*s - 8. Let p be a(-4). Let b be (-2)/((-36)/p - -1). What are the prime factors of u(b)?
3, 5
Let l be (-48)/40*(-10)/3. Let j be 8*2/l - -5. Suppose 0 = -3*d - 4*m + 75, -d + m = -3*m - j. What are the prime factors of d?
3, 7
Let o be 690/20*(-2)/3. Let d = o - -12. What are the prime factors of (d + 1)/((-6)/39)?
5, 13
List the prime factors of ((-441)/(-21) + 21)*(-7)/(147/(-4860)).
2, 3, 5
Suppose i + w - 4 - 5 = 0, 42 = 4*i + w. Suppose -v - 9 = q, -2*v + 4*q = -i - 1. What are the prime factors of (-4)/3*6/v + 28?
2, 3, 5
Let p be 10/35 - 3832/(-14). Let n = p - -135. Suppose 0 = -5*j - 5*a + 385, -3*j - a = -8*j + n. List the prime factors of j.
3
Let w(v) = -v**3 + 8*v**2 + 4*v. Let y be w(-6). Suppose -699 = -3*i - a - 37, i = 4*a + 238. Suppose -y = -9*m + i. What are the prime factors of m?
2, 3, 13
Let k(t) = t**3 - 7*t**2 + 5*t - 3. Let i be k(10). Let m = i - 24. List the prime factors of m.
17, 19
Let k = 22419 - 10085. What are the prime factors of k?
2, 7, 881
Let a(m) = -m**3 + 12*m**2 - 11*m - 14. Let h = -20 - -23. Suppose 3*g - 8*g - h*y = -44, 2*y - 46 = -5*g. List the prime factors of a(g).
2, 19
Let y(g) = -2*g**3 + 125*g**2 + 457*g - 168. List the prime factors of y(61).
2, 43, 113
List the prime factors of ((-17)/(-5))/((2 + -1)*(-2)/(-4090)).
17, 409
Let i be (-8)/((6 - 2) + -6). Suppose -i*d - 96 = 4*h, 22 + 65 = -4*h - d. Let m = h + 76. List the prime factors of m.
5, 11
Let h(l) = -l**2 - 91*l + 286. What are the prime factors of h(-59)?
2, 1087
Let v = -2666 - -7548. List the prime factors of v.
2, 2441
What are the prime factors of -6 - 7434/12*(-3 + 39/(-3))?
2, 3, 13, 127
Let l(h) be the third derivative of -h**6/120 + 11*h**5/30 - 11*h**4/12 - 5*h**3/3 - 133*